tors of z.
2, 61
Suppose 2*w + 9 = m, 5*m + 7 = -3*w + 91. Suppose m = 5*u + 5*l, 0*u = -3*u - l + 9. Suppose u = o - 41. What are the prime factors of o?
2, 11
Suppose 0 = n + 2 - 8. Let x(a) = 65*a + 20. Let c be x(n). Suppose 5*g - c - 125 = 0. What are the prime factors of g?
107
Let n be -3 + 6 + 3*-99. Let j = 48 - n. List the prime factors of j.
2, 3, 19
Let l(t) = 3*t + 91 + 2*t - 87. Let p be l(-14). What are the prime factors of 5/(75/p)*1*-15?
2, 3, 11
Let p be (5 - 4/12)*(-12)/(-14). Suppose 20 = -5*u, p*w - u - u = 12. List the prime factors of 3 + w + 2 + -4 - -74.
2, 19
Let g be 1*0/(-5 - -3) + 5712. Suppose 79*t - 72*t = g. What are the prime factors of t?
2, 3, 17
What are the prime factors of 9*(-11)/(363/(-11561))*23?
3, 23, 1051
Suppose 241*i + 3*c + 45588 = 244*i, i + 3*c = 15188. What are the prime factors of i?
2, 71, 107
Let d(m) = -m**2 + 12*m - 12. Let i = 42 + -31. Let v be d(i). List the prime factors of v/(-4) + (-3830)/(-40).
2, 3
Suppose 3*q + 5*y - 4 = -122, 3*y - 196 = 4*q. Let z = q + 74. What are the prime factors of z?
2, 7
Let o(d) = -201*d**3 - d**2 - d - 1. Let h be o(-1). Suppose 5*m = 5*w - 730, 0 = -2*w + 3*m + h + 89. Suppose 19 = 2*v - w. What are the prime factors of v?
2, 3, 7
Let b be 7 + 187 + (-6)/(-1). List the prime factors of (-6)/16 - (-11675)/b.
2, 29
Suppose 0 = 38*l - 24*l - 1218. Let a = l + 53. What are the prime factors of a?
2, 5, 7
Let n = -122 - -124. Let w(b) = -2*b**3 - b**2 + b + 6. Let j be w(n). What are the prime factors of 2/(-4) - 2*699/j?
2, 29
Let r(i) = 12*i - 30. Let g be r(8). Suppose -4*y - 210 = -3*v + 29, 5*v = 2*y + 389. Let l = v - g. List the prime factors of l.
11
Let r be (-468)/8*4*(-9)/54. Suppose 0*b - 3*l + 10 = -b, -4*l - 4 = 0. Let y = b + r. What are the prime factors of y?
2, 13
Let q(h) = -6*h**2 + 5 - 10*h**2 + 31*h**2 - 14*h**2 + 11*h. Let t be q(-11). Suppose 5*m - 107 = 3*j - 2*j, 5*m + t*j = 95. List the prime factors of m.
3, 7
Suppose 7*f - 2785 = -j, 3*f - 1189 = -44*j + 39*j. What are the prime factors of f?
2, 199
Let l be 130/(-26) - (-1 + -10). List the prime factors of 1726/(-7 + l - -3).
863
Let k(v) be the first derivative of -3 - 5*v**2 - 1/3*v**3 - 10*v. List the prime factors of k(-6).
2, 7
Suppose 0 = -u + 2*o + 411 + 170, 5*u + 3*o - 2879 = 0. Let c = -329 + u. List the prime factors of c.
2, 31
Let s(g) = -g**2 + 26*g - 5. Suppose 5*b = 51 + 49. Let j be s(b). List the prime factors of 2/(-1*(-10)/j).
23
Let o be ((-30)/(-4 - -7))/(-2). Suppose y - o = -5*p, -y - 19 = -2*p + 2*y. Suppose 0 = -9*j + p*j + 259. What are the prime factors of j?
37
Suppose -3*h + 2*z + 342 = 0, 7*h - 2*h - 5*z - 575 = 0. Let m = 115 - h. Let v(n) = 8*n**2 + 2*n - 7. What are the prime factors of v(m)?
71
Suppose -47*k + 373808 + 1247234 + 205237 = 0. List the prime factors of k.
7, 13, 61
Suppose -5*z + 120 = -0*z. Suppose -z*d = -4*d - 66500. Suppose 11*k = -8*k + d. List the prime factors of k.
5, 7
Let b(d) = 332*d. Let s be b(1). List the prime factors of 15/(-3) + 2 + s.
7, 47
Let z = -96625 + 143426. What are the prime factors of z?
17, 2753
Let o(z) = -z**3 + 74*z**2 - 252*z + 136. What are the prime factors of o(66)?
2, 31, 37
Suppose 0 = -24*s + 34*s + 2870. Let j = -284 - s. What are the prime factors of j?
3
Let n(m) = -m**3 - 18*m**2 + 95*m - 115. What are the prime factors of n(-35)?
3, 5, 19, 61
Let w(v) = -v**2 + 11*v + 31. Let x be w(13). Suppose -12 = -3*q - x*k, 4*q - 5*q = -5*k - 4. Suppose -q*p + 144 = 8*p. List the prime factors of p.
2, 3
Let v be (-37)/(-7) + 20/(-70). Let y = -61 + 61. Suppose y = v*n - 4*n - 46. What are the prime factors of n?
2, 23
Let p(g) = -3*g + 78. Let c be p(29). Let u(t) = -t**3 - 2*t**2 + 7*t + 1. Let n be u(-6). Let i = n + c. What are the prime factors of i?
2, 47
Suppose 0 = 6*m - 12772 + 832. Let g = m - 472. List the prime factors of g.
2, 3, 11, 23
Suppose -9 = -o - 2*o. Let t be (o + -2)/(2/4). Suppose t*l + 125 - 21 = s, 4*s + 5*l = 416. What are the prime factors of s?
2, 13
Let h(k) = -k**2 - 11*k - 23. Let i be h(-7). Suppose f + 5*v - 621 + 131 = 0, -2*f = -i*v - 965. What are the prime factors of f?
5, 97
Suppose 17*v = -v + 270. Suppose v*c - 1141 = -2*z + 12*c, -4*z - c + 2307 = 0. What are the prime factors of z?
2, 17
Suppose 15*c - 145 = 5. What are the prime factors of 167713/114 - c/(-12)?
2, 23
Let t = 18800 - 13207. List the prime factors of t.
7, 17, 47
Suppose 285*r + 73872 = 312*r. List the prime factors of r.
2, 3, 19
Let b(o) be the first derivative of 11*o**2/2 + 103*o + 14. List the prime factors of b(14).
257
Suppose t - 5*n - 4781 = -313, -t - 5*n = -4478. What are the prime factors of t?
3, 7, 71
Let h = -36 - -42. Let s be ((-4)/(-3))/(h/9). Suppose s*z - 115 = 3*k, -2*k - 245 = -4*z - k. What are the prime factors of z?
2, 31
Let y(n) = 6*n**2 + 4*n - 31. Let m be y(7). Let c = 425 - m. Let a = 33 + c. List the prime factors of a.
167
Suppose 0 = -5*x + j - 48 - 1450, 0 = 2*x + 2*j + 592. Let i be 4/(-22)*1 - x/11. Suppose -i*v + 232 = -23*v. What are the prime factors of v?
2, 29
Suppose -2*a - 5*d = -42214, -4*a + 23129 + 61327 = 3*d. List the prime factors of a.
3, 7039
Suppose 0 = 4*y + 6 - 2. Let p be (-2 - y)/((-1)/74). Suppose p = u + 24. List the prime factors of u.
2, 5
List the prime factors of -3*(0 - -3911)*-1.
3, 3911
Let n = -20 - 11. Let m = n + 35. What are the prime factors of ((-1)/((-3)/4))/(m/222)?
2, 37
Suppose -13*c = -10*c - 180. Let j = c + -62. Let n(k) = 44*k**2 + 3*k - 1. What are the prime factors of n(j)?
13
Let f(h) = 14*h**2 + 13*h + 228. List the prime factors of f(9).
3, 17, 29
Let q(u) = 160*u + 3. Let r(t) = t - 1. Let b(x) = q(x) - 3*r(x). What are the prime factors of b(1)?
163
Let t = -1080 + -43. Let u = 1757 + t. List the prime factors of u.
2, 317
Let k be -128 - 1/(-2)*-6. Let a = 17 - -237. Let f = k + a. List the prime factors of f.
3, 41
List the prime factors of (4*1)/(((-492)/369)/(12778/(-3))).
2, 6389
Suppose 0 = 43*x - 39*x - 692. Let f = x - -349. List the prime factors of f.
2, 3, 29
Let m be 1/(-3 + -1)*(-2 + -10). Suppose 0*l - 4*l - 1665 = -v, 3*l = -m*v + 4980. List the prime factors of v.
11, 151
Let m(a) = 58*a**3 - 23*a**2 - 23*a - 11. Let z(q) = -19*q**3 + 8*q**2 + 8*q + 4. Let r(o) = -3*m(o) - 8*z(o). What are the prime factors of r(-2)?
11, 17
Suppose 23*u + 51*u + 137*u = 1498311. List the prime factors of u.
3, 263
Suppose -2*n + 4*m + 1003 = -m, 4*n - 2021 = 5*m. Let r = n + -142. What are the prime factors of r?
367
Let w(f) = -f**2 - 16*f - 27. Let h be w(-19). What are the prime factors of (440/14)/((-8)/h)?
2, 3, 5, 11
Let d(o) = -2*o**2 - 14*o - 14. Let n be d(-17). What are the prime factors of 4 + 0 + n/(-2)?
181
List the prime factors of (19/(-3) + (-388)/(-291))/(1/(-2027)).
5, 2027
What are the prime factors of 16/72 - ((-425300)/18)/10?
17, 139
Suppose 0 = 3*r - 3*s - 91032, 111*r - 117*r + 182056 = -4*s. What are the prime factors of r?
2, 5, 37, 41
Let n(k) be the second derivative of k**5/20 - 25*k**4/12 + 16*k**3/3 + 31*k**2 - 2*k - 38. What are the prime factors of n(26)?
2, 5, 157
Let n be -1*8*(-10)/10. Let y(x) = 1 - 470*x - n + 492*x. List the prime factors of y(4).
3
Let h = 53896 + -3865. What are the prime factors of h?
3, 17, 109
Let y be ((-12)/2)/(3/63*-3). Suppose 56*z - 21210 = y*z. List the prime factors of z.
3, 5, 101
Suppose 5*z - 234077 = 2*b, -40*b + 234089 = 5*z - 39*b. What are the prime factors of z?
46817
Let z be ((-44)/(-6))/(-14 + (-49920)/(-3564)). Let j = 364 + z. What are the prime factors of j?
1453
Let b = 5928 - 1134. What are the prime factors of b?
2, 3, 17, 47
Let h(v) = 21*v - 11. Let j be h(2). Suppose 24177 = j*f - 4777. What are the prime factors of f?
2, 467
Suppose 2169 + 221 = -5*q. Let v = -421 + 86. Let j = v - q. What are the prime factors of j?
11, 13
Suppose 38*s + 15*s - 1759335 = -0*s. What are the prime factors of s?
3, 5, 2213
Let q be (-9)/(9/(-38)) - -5. Let v = 47 - q. Suppose v*r - 136 = -5*s + 18, s = -2*r + 26. List the prime factors of s.
2, 17
Let c = 31 - 27. Suppose -c*i = -5*y + 5196, -y + 2*y - 1043 = -3*i. What are the prime factors of y?
2, 5, 13
Let l(c) = -4*c**2 + 41*c + 50. Let z(x) = 3*x**2 - 38*x - 51. Let j(a) = -2